the hundred thousands digit of 3072456480?
4
What is the tens digit of 5095810316?
1
What is the billions digit of 5769015621?
5
What is the hundreds digit of 23604513?
5
What is the ten millions digit of 145513761?
4
What is the millions digit of 81687815?
1
What is the millions digit of 43868109?
3
What is the hundreds digit of 7543206?
2
What is the hundred millions digit of 753894565?
7
What is the ten millions digit of 371267071?
7
What is the millions digit of 3257928581?
7
What is the thousands digit of 455638590?
8
What is the ten millions digit of 36008185?
3
What is the hundred millions digit of 5620770644?
6
What is the hundreds digit of 64815792?
7
What is the hundred thousands digit of 4125573652?
5
What is the tens digit of 370718286?
8
What is the ten millions digit of 685215777?
8
What is the ten millions digit of 75444766?
7
What is the units digit of 194361056?
6
What is the ten millions digit of 2235352165?
3
What is the millions digit of 678904060?
8
What is the hundred millions digit of 1949761498?
9
What is the ten millions digit of 47299600?
4
What is the ten thousands digit of 13506587?
0
What is the thousands digit of 110997534?
7
What is the units digit of 2585507753?
3
What is the ten millions digit of 132787765?
3
What is the tens digit of 780951649?
4
What is the tens digit of 572638400?
0
What is the ten thousands digit of 1118265494?
6
What is the units digit of 5929840148?
8
What is the thousands digit of 1712496471?
6
What is the hundred thousands digit of 4356225523?
2
What is the hundred millions digit of 109685548?
1
What is the hundred thousands digit of 410163174?
1
What is the hundreds digit of 662612447?
4
What is the hundred millions digit of 360271528?
3
What is the thousands digit of 2088839900?
9
What is the hundred millions digit of 821838485?
8
What is the units digit of 112928575?
5
What is the hundred millions digit of 4020129801?
0
What is the millions digit of 1063998?
1
What is the units digit of 1702391679?
9
What is the hundreds digit of 43290735?
7
What is the thousands digit of 1196529406?
9
What is the ten thousands digit of 119940288?
4
What is the thousands digit of 25650437?
0
What is the hundred millions digit of 1321211932?
3
What is the hundred thousands digit of 31515866?
5
What is the billions digit of 3861408369?
3
What is the millions digit of 285179264?
5
What is the tens digit of 515070108?
0
What is the ten millions digit of 230647250?
3
What is the ten millions digit of 101545457?
0
What is the millions digit of 222077746?
2
What is the tens digit of 2268097686?
8
What is the hundred millions digit of 192587047?
1
What is the tens digit of 29344232?
3
What is the ten thousands digit of 151756560?
5
What is the tens digit of 49703679?
7
What is the ten thousands digit of 921953176?
5
What is the hundred thousands digit of 3478412470?
4
What is the units digit of 2602151416?
6
What is the thousands digit of 24906523?
6
What is the tens digit of 1090888877?
7
What is the thousands digit of 1477505720?
5
What is the millions digit of 353591383?
3
What is the hundred millions digit of 4970231556?
9
What is the billions digit of 1358950399?
1
What is the millions digit of 310828093?
0
What is the ten thousands digit of 6061733081?
3
What is the tens digit of 1785436?
3
What is the ten thousands digit of 1958682848?
8
What is the units digit of 5573846?
6
What is the units digit of 560563009?
9
What is the tens digit of 144022785?
8
What is the tens digit of 1171055250?
5
What is the millions digit of 29132512?
9
What is the thousands digit of 2609700?
9
What is the ten millions digit of 299941450?
9
What is the hundreds digit of 35714981?
9
What is the billions digit of 1065220995?
1
What is the ten thousands digit of 39106830?
0
What is the tens digit of 993088656?
5
What is the hundred millions digit of 919142363?
9
What is the units digit of 1664549417?
7
What is the ten thousands digit of 511042941?
4
What is the thousands digit of 1054237950?
7
What is the hundred millions digit of 177920821?
1
What is the hundreds digit of 161767211?
2
What is the units digit of 1559026971?
1
What is the tens digit of 1218488107?
0
What is the units digit of 32807129?
9
What is the thousands digit of 605783946?
3
What is the hundred thousands digit of 90348606?
3
What is the units digit of 23728704?
4
What is the millions digit of 3966768474?
6
What is the thousands digit of 27255247?
5
What is the hundred thousands digit of 207336888?
3
What is the hundred thousands digit of 3883583413?
5
What is the units digit of 33751979?
9
What is the hundreds digit of 11995615?
6
What is the ten millions digit of 1037343197?
3
What is the tens digit of 44572372?
7
What is the units digit of 7159233?
3
What is the ten thousands digit of 181976678?
7
What is the hundred millions digit of 305709369?
3
What is the thousands digit of 1130220094?
0
What is the units digit of 34183878?
8
What is the tens digit of 4785360?
6
What is the units digit of 168948043?
3
What is the ten thousands digit of 17283132?
8
What is the ten thousands digit of 109451550?
5
What is the ten thousands digit of 2914887?
1
What is the tens digit of 2448881698?
9
What is the hundred millions digit of 343401115?
3
What is the hundred millions digit of 162520519?
1
What is the ten thousands digit of 624196687?
9
What is the thousands digit of 784068777?
8
What is the ten millions digit of 412568372?
1
What is the units digit of 74885529?
9
What is the thousands digit of 3482314216?
4
What is the hundred thousands digit of 524214534?
2
What is the thousands digit of 11972512?
2
What is the millions digit of 419492919?
9
What is the thousands digit of 1375897382?
7
What is the ten millions digit of 144096132?
4
What is the units digit of 184337443?
3
What is the tens digit of 2843202466?
6
What is the ten millions digit of 288136550?
8
What is the hundreds digit of 234491043?
0
What is the ten thousands digit of 50756798?
5
What is the hundred millions digit of 154050061?
1
What is the units digit of 5409950764?
4
What is the thousands digit of 78464956?
4
What is the millions digit of 80301110?
0
What is the ten millions digit of 308717334?
0
What is the hundred millions digit of 6105250009?
1
What is the hundred thousands digit of 210787337?
7
What is the millions digit of 70109963?
0
What is the hundreds digit of 155380639?
6
What is the billions digit of 2542568155?
2
What is the hundreds digit of 2716666?
6
What is the units digit of 586928344?
4
What is the millions digit of 1642857860?
2
What is the ten millions digit of 4617683003?
1
What is the ten millions digit of 147709875?
4
What is the thousands digit of 1268186869?
6
What is the hundred millions digit of 932780738?
9
What is the hundred thousands digit of 512562635?
5
What is the units digit of 57650476?
6
What is the tens digit of 235982695?
9
What is the hundred thousands digit of 1393285440?
2
What is the ten millions digit of 546658813?
4
What is the ten thousands digit of 1987934480?
3
What is the hundred millions digit of 6075675395?
0
What is the millions digit of 3624487101?
4
What is the ten thousands digit of 485061148?
6
What is the hundreds digit of 470157525?
5
What is the ten millions digit of 17174634?
1
What is the ten millions digit of 1713357712?
1
What is the units digit of 3937391880?
0
What is the ten thousands digit of 656098907?
9
What is the millions digit of 257045264?
7
What is the tens digit of 2508778022?
2
What is the thousands digit of 7075232?
5
What is the units digit of 345985519?
9
What is the hundred millions digit of 240229197?
2
What is the hundreds digit of 78829444?
4
What is the hundred millions digit of 1896558565?
8
What is the ten millions digit of 266637009?
6
What is the tens digit of 1554430177?
7
What is the ten millions digit of 32772776?
3
What is the thousands digit of 135172439?
2
What is the hundreds digit of 47356649?
6
What is the millions digit of 220134499?
0
What is the units digit of 229608929?
9
What is the millions digit of 170079009?
0
What is the millions digit of 332794858?
2
What is the ten millions digit of 5895741560?
9
What is the ten millions digit of 8665027501?
6
What is the ten thousands digit of